tor of 22 and 8.
2
What is the greatest common factor of 84 and 189?
21
Calculate the highest common factor of 1612 and 14.
2
What is the highest common factor of 364 and 672?
28
What is the greatest common factor of 982 and 2?
2
What is the highest common divisor of 6590 and 40?
10
Calculate the greatest common factor of 6509 and 849.
283
Calculate the greatest common divisor of 412 and 515.
103
What is the greatest common factor of 28 and 154?
14
What is the greatest common divisor of 595 and 255?
85
Calculate the greatest common factor of 753 and 5773.
251
Calculate the greatest common divisor of 546 and 2.
2
Calculate the highest common factor of 63 and 4734.
9
What is the greatest common divisor of 51 and 24?
3
What is the greatest common factor of 1010 and 230?
10
Calculate the highest common divisor of 3470 and 10.
10
What is the greatest common factor of 629 and 51?
17
What is the highest common divisor of 540 and 90?
90
Calculate the greatest common factor of 105322 and 14.
14
Calculate the greatest common factor of 87 and 725.
29
What is the highest common factor of 468 and 48?
12
What is the greatest common factor of 1265 and 55?
55
What is the greatest common divisor of 928 and 580?
116
What is the greatest common factor of 182 and 63?
7
What is the highest common divisor of 1189 and 29?
29
What is the greatest common divisor of 77 and 3157?
77
Calculate the highest common divisor of 22742 and 332.
166
Calculate the highest common factor of 26 and 13.
13
Calculate the greatest common factor of 52 and 247.
13
Calculate the highest common divisor of 455 and 273.
91
Calculate the highest common factor of 54 and 27.
27
Calculate the highest common factor of 1275 and 4200.
75
Calculate the greatest common factor of 970 and 30.
10
What is the greatest common factor of 140 and 100?
20
Calculate the highest common divisor of 40 and 176.
8
Calculate the greatest common divisor of 141 and 564.
141
Calculate the greatest common factor of 270 and 230.
10
Calculate the greatest common divisor of 1288 and 72.
8
What is the highest common divisor of 240 and 315?
15
What is the highest common factor of 12 and 1016?
4
What is the greatest common divisor of 783 and 2465?
29
What is the greatest common divisor of 448 and 616?
56
Calculate the greatest common factor of 9 and 21.
3
Calculate the greatest common factor of 28 and 56.
28
Calculate the highest common factor of 560 and 770.
70
What is the greatest common factor of 90 and 3015?
45
Calculate the greatest common factor of 20 and 104.
4
Calculate the greatest common factor of 48 and 2256.
48
Calculate the highest common factor of 5524 and 4.
4
Calculate the greatest common divisor of 17 and 2635.
17
What is the greatest common factor of 8906 and 366?
122
Calculate the highest common factor of 3328 and 13.
13
Calculate the highest common divisor of 161 and 46.
23
Calculate the greatest common factor of 96 and 228.
12
Calculate the highest common factor of 1602 and 90.
18
What is the greatest common factor of 99 and 6336?
99
What is the highest common factor of 81 and 108?
27
Calculate the greatest common divisor of 8 and 148.
4
Calculate the greatest common divisor of 5536 and 865.
173
What is the greatest common factor of 1296 and 16?
16
What is the highest common factor of 6880 and 320?
160
Calculate the greatest common factor of 53 and 901.
53
Calculate the highest common factor of 854 and 14.
14
What is the greatest common divisor of 216 and 55512?
216
What is the greatest common factor of 64 and 8192?
64
Calculate the highest common divisor of 117 and 377.
13
What is the highest common divisor of 42 and 114?
6
What is the highest common divisor of 52 and 16952?
52
Calculate the highest common factor of 198 and 44.
22
Calculate the greatest common factor of 2128 and 76.
76
Calculate the highest common factor of 40 and 6960.
40
What is the greatest common factor of 182 and 1040?
26
What is the highest common divisor of 1015 and 80?
5
Calculate the greatest common factor of 3 and 8583.
3
Calculate the highest common factor of 174 and 8642.
58
What is the highest common factor of 93 and 651?
93
Calculate the highest common divisor of 1480 and 240.
40
What is the greatest common factor of 100 and 225?
25
Calculate the greatest common divisor of 918 and 4998.
102
What is the highest common factor of 150 and 342?
6
Calculate the greatest common divisor of 19 and 1007.
19
What is the greatest common factor of 1425 and 50?
25
What is the greatest common divisor of 20 and 84?
4
Calculate the greatest common divisor of 171 and 954.
9
Calculate the greatest common divisor of 8 and 4244.
4
What is the highest common factor of 530 and 10?
10
What is the greatest common divisor of 130 and 39?
13
Calculate the highest common divisor of 39 and 3133.
13
What is the greatest common divisor of 336 and 42?
42
What is the greatest common divisor of 66 and 1164?
6
Calculate the greatest common factor of 221 and 85.
17
What is the greatest common divisor of 186 and 186?
186
What is the highest common factor of 153 and 18?
9
Calculate the greatest common factor of 280 and 1365.
35
What is the highest common divisor of 1159 and 19?
19
Calculate the greatest common divisor of 108 and 513.
27
Calculate the greatest common divisor of 195 and 5109.
39
Calculate the greatest common factor of 74 and 925.
37
Calculate the highest common divisor of 95 and 45.
5
What is the greatest common divisor of 90 and 27?
9
Calculate the highest common factor of 1632 and 51.
51
What is the greatest common factor of 99 and 1584?
99
What is the highest common divisor of 5430 and 240?
30
Calculate the highest common divisor of 50 and 60.
10
What is the highest common divisor of 75 and 22250?
25
Calculate the greatest common divisor of 1275 and 102.
51
What is the greatest common divisor of 1 and 29?
1
Calculate the greatest common divisor of 38 and 1102.
38
What is the highest common factor of 8442 and 630?
126
Calculate the highest common factor of 15 and 5925.
15
What is the highest common factor of 59 and 4189?
59
What is the highest common factor of 21 and 273?
21
What is the greatest common divisor of 707 and 7?
7
What is the highest common factor of 1918 and 42?
14
Calculate the greatest common divisor of 14 and 33.
1
What is the greatest common divisor of 270 and 60?
30
What is the highest common divisor of 6 and 9978?
6
Calculate the greatest common factor of 36 and 612.
36
What is the greatest common divisor of 280 and 680?
40
What is the highest common divisor of 252 and 180?
36
What is the highest common factor of 48 and 3?
3
Calculate the greatest common divisor of 256 and 2744.
8
Calculate the highest common factor of 1206 and 36.
18
Calculate the highest common divisor of 1908 and 36.
36
Calculate the greatest common divisor of 624 and 432.
48
Calculate the highest common factor of 351 and 126.
9
What is the greatest common divisor of 42372 and 1188?
396
What is the highest common divisor of 9 and 192?
3
What is the greatest common divisor of 76 and 12?
4
Calculate the highest common factor of 40 and 968.
8
Calculate the highest common divisor of 30 and 1350.
30
What is the highest common factor of 28 and 5509?
7
Calculate the greatest common divisor of 81 and 7641.
27
What is the highest common factor of 11 and 517?
11
Calculate the greatest common divisor of 16 and 328.
8
What is the highest common factor of 99 and 55?
11
Calculate the highest common divisor of 261 and 1044.
261
Calculate the greatest common factor of 595 and 70.
35
Calculate the highest common divisor of 5 and 16.
1
Calculate the greatest common factor of 54 and 180.
18
What is the greatest common factor of 1008 and 1988?
28
What is the highest common factor of 80 and 416?
16
Calculate the greatest common factor of 799 and 17.
17
What is the greatest common divisor of 24 and 248?
8
Calculate the greatest common factor of 16176 and 192.
48
What is the highest common factor of 2034 and 9718?
226
Calculate the highest common factor of 23 and 3.
1
Calculate the highest common factor of 1353 and 3075.
123
What is the highest common factor of 2511 and 31?
31
Calculate the highest common factor of 96 and 48.
48
Calculate the greatest common factor of 78 and